+ 143. Is n(1) prime?
True
Let z = -31 - -22. Let j be (83004/(-18))/(6/z). Is 10/55 + j/11 prime?
False
Suppose -2*a = -5*l - 13*a + 120600, 0 = 5*l + 4*a - 120635. Is l prime?
False
Let a = -288064 + 570883. Is a a composite number?
True
Let n = -429777 - -683612. Is n prime?
False
Let h(b) = -5888*b**3 - 2*b**2 + 8*b + 3. Is h(-2) a prime number?
False
Suppose 9 + 8 = -17*r. Is r/(-7 + (-79320)/(-11332)) composite?
False
Let t(z) = z**3 + 21*z**2 + 41*z - 49. Let o be t(-18). Suppose 4445 = -178*p + o*p. Is p prime?
False
Let j(q) be the second derivative of -q**5/20 + 2*q**4/3 - 7*q**3/3 + 4*q**2 - 3*q. Let z be j(6). Is z/((-36)/(-1167))*-3 prime?
True
Let b(a) be the first derivative of 7*a**3/3 + 5*a**2 - 7*a + 169. Let z(q) = -3*q - 4. Let n be z(-4). Is b(n) a prime number?
True
Let u = 87344 - 51363. Is u prime?
False
Let c(h) = -2 - 6 - 602*h - 2 - 3. Suppose -3*o - 32 = 5*k, -45*o = -46*o - 4. Is c(k) a composite number?
True
Let l(r) be the first derivative of -43*r**2 + 77*r - 19. Is l(-15) a prime number?
True
Suppose 2 = -y + 2*v + 90, 3*v + 258 = 3*y. Let j be -5 + y - 2/(-4)*-8. Suppose 580 = 5*w - j. Is w a prime number?
True
Let j be 93 - 7/(28/8)*-1. Is 1/(-5) - (-156674)/j a prime number?
False
Let d(g) = g - 7. Let l be d(9). Let c be (3009/(5 - l))/(-1). Let m = c - -1792. Is m a prime number?
False
Suppose 3*j = -5*o + 2738, -2*j + o - 465 = -2312. Is j a prime number?
False
Let o(w) = 3*w - 10. Let z be o(5). Suppose 30 = z*p + 1005. Let d = 482 + p. Is d a composite number?
True
Let s(z) = 1910*z**2 + 230*z - 683. Is s(3) composite?
True
Suppose 0 = 20*k - 800693 - 2682047. Is k a composite number?
False
Is (-2 - -3253)/((-8799)/259 - -34) composite?
True
Let p(c) = -c**3 - 5*c**2 + 13*c + 7. Let f be p(-7). Suppose -6*w - f = -26. Suppose w*x = 6*x - 2*z - 1990, 5*x + 4*z - 2507 = 0. Is x composite?
False
Let a be (-120 + 110)*-1*(0 - -1). Let g(n) = 624*n - 77. Is g(a) composite?
False
Suppose 3*p = -34*u + 37*u + 621984, p + 5*u = 207322. Is p prime?
False
Suppose -10*d + 8620 + 1110 = 0. Let o be -211*(16/10 + (-8)/(-20)). Let k = o + d. Is k composite?
True
Let i(y) = -8392*y - 915. Is i(-8) composite?
False
Let v(x) = -498*x - 3. Suppose -2*i + 4*r + 1 = -7*i, 0 = -5*i + 2*r + 23. Suppose -3*d + i*h + 3 - 6 = 0, 0 = 2*d - 3*h + 1. Is v(d) composite?
True
Suppose -57*s = -60*s - 15. Let w(t) = -t**2 + 6*t + 4. Let p be w(s). Let o = p + 1106. Is o composite?
True
Let u(m) = 6*m - 180. Let t be u(30). Suppose t = w - 2*w + 5*p + 1371, -4 = -2*p. Is w composite?
False
Suppose -6*f - 82524 = 5*t - 284981, 5*t = 3*f - 101176. Is f a composite number?
True
Let k be (-4 + 126/30)/(2/110). Is 417/(k/(-7) - -2) a composite number?
True
Suppose 5*w = 3*d - 12, 2*w + 4*d + d + 11 = 0. Let o(p) = 385*p**2 - 3*p - 6. Let k be o(w). Let h = k - 2437. Is h a composite number?
False
Suppose -35 = -2*q + 5. Let v be (q/8)/((-2)/(-4)). Suppose -d = -4*c + 2188, -v*c = 3*d - 6*d - 2735. Is c prime?
True
Let p(f) be the first derivative of -f**4/4 - 5*f**3/3 + 4*f**2 + 9*f - 24. Let t be p(-6). Let a(l) = -141*l + 16. Is a(t) a composite number?
False
Let r(t) = -9*t**2 + 41*t - 20. Let h be r(-30). Let a = -3891 - h. Is a a prime number?
False
Suppose -3*x = -5*b + 49 - 18, -x = b - 11. Suppose -10*f + b + 52 = 0. Is (542/f)/(4/12) composite?
False
Let n = -1674 + 89555. Is n a prime number?
True
Suppose -4563*w + 6368055 = -4548*w. Is w a composite number?
False
Let n(v) = -727*v + 743. Is n(-18) a composite number?
False
Suppose -5*h + 2*d = -32, -5*h + 23 = -2*h - 5*d. Let x be (36/8 + -4)*h. Suppose -4*m + 40 = 4*z, -x*m + 6*z = z - 22. Is m a prime number?
False
Suppose -6*g + 9*g + l = 65, -2*l - 80 = -4*g. Suppose 3*k + 15 = -g. Is (8/k)/(1/(-2631)) composite?
True
Let n(k) = 812*k**2 + 448*k + 53. Is n(-48) a composite number?
True
Is ((-9)/27)/(10/(-255))*694 prime?
False
Let c(t) = 156771*t - 3917. Is c(12) prime?
False
Let u = 320 - 302. Let v(w) = -w**3 + 25*w**2 + 13*w + 31. Is v(u) a prime number?
False
Let h = 18 - 20. Is -2 - -1 - (-22546 + h)/2 prime?
True
Let g = 187 - 186. Suppose 24 = 5*p - g, 2*p = -4*o + 214. Is o a composite number?
True
Let m = 71 + -63. Suppose -2*k = -3*g + 14737, 4*g + 10*k - m*k - 19668 = 0. Is g a composite number?
True
Let v(m) = -40*m**2 - 2*m + 448519. Is v(0) a prime number?
True
Suppose -2*o = 8, -3*a = -a + o - 106. Let b = a + -60. Let l(z) = -2*z**3 - 7*z**2 - 12*z - 8. Is l(b) a prime number?
True
Suppose -8*g = 4*d - 12*g + 188, -5*d = -3*g + 231. Is (-137799)/d + (-12)/10 prime?
True
Suppose 5*h = 4*h. Suppose h = -4*q + 2*q - 5*d + 5, 0 = -d - 1. Suppose 2*s + 257 = 5*p, p - q*s = -0*p + 33. Is p composite?
False
Let u = -129528 - -192848. Is ((-1)/8)/((-5)/u) prime?
True
Let l(a) = -12532*a - 665. Is l(-13) prime?
True
Let n(v) = -3*v - 27. Let x be n(-11). Is ((-205532)/x + -2)*27/(-36) composite?
False
Let o = 47 - 51. Let j be (-2)/(o + 0)*30962. Suppose 3*x + 5*s - j = s, 4*x - 20648 = -4*s. Is x composite?
False
Let m(f) = 21*f - 9. Let o be m(5). Let n(i) = -2*i**3 - i**2 + i - 3. Let p be n(-2). Let l = o - p. Is l a composite number?
False
Let l(a) = -3*a**3 - 9*a**2 + 2*a - 5. Let q be l(6). Let o = 1918 + q. Is o a prime number?
True
Let z be (6 + -1)/5 - 10. Let g = z + 13. Suppose -1770 = -4*o + 2*k, g*k = -o + 2*o - 439. Is o a composite number?
False
Let b(u) = -2*u**2 + 31*u**2 + 104 - 4151*u + 4140*u. Is b(6) a composite number?
True
Let v(r) = -4*r**2 - r + 36. Let x be v(0). Let y be 24/x - 1328/3. Let f = 641 + y. Is f composite?
False
Let t = -241 - -6603. Let c = t - 3343. Is c composite?
False
Let a(n) = 2214*n + 14. Let h(p) = p**3 - 2*p**2 + 2*p - 6. Let s be h(2). Let w be a(s). Is (w/6)/((-1)/3) prime?
True
Suppose 0 = 24*x - 27440598 + 119886. Is x composite?
False
Let d(o) = 2*o**2 - 14*o + 23. Let x be d(2). Suppose x*c - 1905 = -2*c. Is c a composite number?
True
Let r(w) = 9*w + 67. Let o be r(-8). Let b(x) = 5*x**2 + 5*x + 15. Is b(o) a prime number?
False
Suppose -5*w = -6*w - 3. Let q be w*(-4)/(-54) + (-196)/9. Is 6/(-33) - 3458/q prime?
True
Suppose -197*v + 6246614 = -361*v + 186*v. Is v prime?
True
Let u(v) = -v**2 + 11*v - 16. Let g be u(9). Suppose g*b - 7*b = 4675. Is (-1)/((-5)/b*-1) composite?
True
Let q(j) = -167*j**2 + 12*j + 21. Let p be q(-7). Let c = 12549 + p. Is c a prime number?
False
Suppose 14*n - 4 = 18*n. Is (-6 + -1 + -10434)*n a prime number?
False
Let w be (-1)/((-2)/258) + (-15)/(-5). Let q = w + 241. Suppose 0 = -5*l + 1332 + q. Is l composite?
True
Suppose 92*o = 91*o + 56. Suppose o*l = 54*l + 19730. Is l a prime number?
False
Suppose 0 = 212*o - 15588263 - 3658581. Is o a prime number?
True
Let m be 52/(-4) - 1/((-2)/10). Is (-4)/(m - (-712260)/89035) composite?
False
Let q = 16631 - 6099. Let m = -165 + q. Is m a prime number?
False
Let b = 89513 - -544818. Is b prime?
True
Suppose 52*d + 14827 - 1409 = -23814. Let j = -1729 + 3242. Let i = d + j. Is i prime?
True
Let r(g) = g**3 - 16*g**2 + 10*g - 2. Suppose 5*q - 29 - 46 = 0. Suppose -4*w + 79 = q. Is r(w) a prime number?
False
Let i(u) = 3*u - 1. Let p = 64 - 63. Let x be i(p). Is (-2735)/((-10)/x)*5 a prime number?
False
Let o = -60467 - -103894. Is o a prime number?
True
Let c = 58704 + -23713. Is c a composite number?
True
Let a = 89521 - 57992. Is a composite?
True
Let v(i) = 6417*i**3 + 8*i**2 + 6*i - 58. Is v(3) a prime number?
True
Let q be ((-1)/3*1*-3)/1. Let k be 5 + -7 - -5*(q + 0). Suppose 0*s - 3*s = 4*d - 3727, 15 = -k*d. Is s a composite number?
False
Let w be 18/(-24)*4/6*-10. Suppose w*i = 4*s - 98, 2*s - 8*i = -3*i + 54. Is 131 - (84/s - 10/(-55)) prime?
True
Suppose a - 8585 = -5*t, 5*t - 3*a - 5206 = 3379. Is t a composite number?
True
Let f(m) = -267*m - 144. Let r be f(-9). Suppose -56*n + r = -53*n. Is n prime?
False
Let n(x) = x + 1. Let j(i) = i**2 - 11*i - 4. Let v(g) = -j(g) - 4*n(g). Let h be v(-4). Is (h/33)/(4/(-2082)) a composite number?
True
Let c(j) be the first derivative of 3279*j**4/4 - 2*j**3/3 + 3*j**2/2 - j - 67. Is c(1) a prime number?
False
Let t = -1176 + 4495. Is t/(4 + -4 - (-4 + 3)) a prime number?
True
Suppose -127*a - 37*a + 2020491 + 2634977 = 0. Is a composite?
False
Is (-2)/8*-4 + (-8 + 28)*5550 a comp